{"id":1384,"date":"2023-09-25T13:36:41","date_gmt":"2023-09-25T18:36:41","guid":{"rendered":"https:\/\/dyd.suboceto.com\/?page_id=1384"},"modified":"2024-10-21T08:08:35","modified_gmt":"2024-10-21T13:08:35","slug":"tramites","status":"publish","type":"page","link":"https:\/\/dydcoffee.com.co\/index.php\/tramites\/","title":{"rendered":"Tr\u00e1mites"},"content":{"rendered":"\t\t<div data-elementor-type=\"wp-page\" data-elementor-id=\"1384\" class=\"elementor elementor-1384\">\n\t\t\t\t\t\t<section class=\"elementor-section elementor-top-section elementor-element elementor-element-7d977b8 elementor-section-boxed elementor-section-height-default elementor-section-height-default parallax_section_no qode_elementor_container_no elementor-invisible\" data-id=\"7d977b8\" data-element_type=\"section\" data-settings=\"{&quot;animation&quot;:&quot;fadeInDown&quot;}\">\n\t\t\t\t\t\t<div class=\"elementor-container elementor-column-gap-default\">\n\t\t\t\t\t<div class=\"elementor-column elementor-col-33 elementor-top-column elementor-element elementor-element-633d31d\" data-id=\"633d31d\" data-element_type=\"column\">\n\t\t\t<div class=\"elementor-widget-wrap\">\n\t\t\t\t\t\t\t<\/div>\n\t\t<\/div>\n\t\t\t\t<div class=\"elementor-column elementor-col-33 elementor-top-column elementor-element elementor-element-5640989\" data-id=\"5640989\" data-element_type=\"column\">\n\t\t\t<div class=\"elementor-widget-wrap elementor-element-populated\">\n\t\t\t\t\t\t<div class=\"elementor-element elementor-element-fffdd07 elementor-widget elementor-widget-heading\" data-id=\"fffdd07\" data-element_type=\"widget\" data-widget_type=\"heading.default\">\n\t\t\t\t<div class=\"elementor-widget-container\">\n\t\t\t\t\t<h4 class=\"elementor-heading-title elementor-size-default\">Tr\u00e1mites<\/h4>\t\t\t\t<\/div>\n\t\t\t\t<\/div>\n\t\t\t\t<div class=\"elementor-element elementor-element-c2a1c3f elementor-widget elementor-widget-text-editor\" data-id=\"c2a1c3f\" data-element_type=\"widget\" data-widget_type=\"text-editor.default\">\n\t\t\t\t<div class=\"elementor-widget-container\">\n\t\t\t\t\t\t\t\t\t<p style=\"text-align: center;\">Nuestros clientes pueden gestionar los siguientes tr\u00e1mites a trav\u00e9s de nosotros:<\/p>\t\t\t\t\t\t\t\t<\/div>\n\t\t\t\t<\/div>\n\t\t\t\t\t<\/div>\n\t\t<\/div>\n\t\t\t\t<div class=\"elementor-column elementor-col-33 elementor-top-column elementor-element elementor-element-5ef826d\" data-id=\"5ef826d\" data-element_type=\"column\">\n\t\t\t<div class=\"elementor-widget-wrap\">\n\t\t\t\t\t\t\t<\/div>\n\t\t<\/div>\n\t\t\t\t\t<\/div>\n\t\t<\/section>\n\t\t\t\t<section class=\"elementor-section elementor-top-section elementor-element elementor-element-4b3536b elementor-section-boxed elementor-section-height-default elementor-section-height-default parallax_section_no qode_elementor_container_no\" data-id=\"4b3536b\" data-element_type=\"section\" data-settings=\"{&quot;background_background&quot;:&quot;classic&quot;}\">\n\t\t\t\t\t\t<div class=\"elementor-container elementor-column-gap-default\">\n\t\t\t\t\t<div class=\"elementor-column elementor-col-33 elementor-top-column elementor-element elementor-element-eca669e\" data-id=\"eca669e\" data-element_type=\"column\">\n\t\t\t<div class=\"elementor-widget-wrap elementor-element-populated\">\n\t\t\t\t\t\t<div class=\"elementor-element elementor-element-1e1f831 elementor-invisible elementor-widget elementor-widget-image\" data-id=\"1e1f831\" data-element_type=\"widget\" data-settings=\"{&quot;_animation&quot;:&quot;fadeInDown&quot;}\" data-widget_type=\"image.default\">\n\t\t\t\t<div class=\"elementor-widget-container\">\n\t\t\t\t\t\t\t\t\t\t\t\t\t\t\t\t<a href=\"http:\/\/dyd.suboceto.com\/wp-content\/uploads\/2023\/09\/CERTIFICACION_INVIMA-scaled.jpg\" data-elementor-open-lightbox=\"yes\" data-elementor-lightbox-title=\"CERTIFICACION_INVIMA\" data-e-action-hash=\"#elementor-action%3Aaction%3Dlightbox%26settings%3DeyJpZCI6MTM5MSwidXJsIjoiaHR0cHM6XC9cL2R5ZGNvZmZlZS5jb20uY29cL3dwLWNvbnRlbnRcL3VwbG9hZHNcLzIwMjNcLzA5XC9DRVJUSUZJQ0FDSU9OX0lOVklNQS1zY2FsZWQuanBnIn0%3D\">\n\t\t\t\t\t\t\t<img fetchpriority=\"high\" decoding=\"async\" width=\"1024\" height=\"1024\" src=\"https:\/\/dydcoffee.com.co\/wp-content\/uploads\/2023\/09\/CERTIFICACION_INVIMA-1024x1024.jpg\" class=\"attachment-large size-large wp-image-1391\" alt=\"\" srcset=\"https:\/\/dydcoffee.com.co\/wp-content\/uploads\/2023\/09\/CERTIFICACION_INVIMA-1024x1024.jpg 1024w, https:\/\/dydcoffee.com.co\/wp-content\/uploads\/2023\/09\/CERTIFICACION_INVIMA-300x300.jpg 300w, https:\/\/dydcoffee.com.co\/wp-content\/uploads\/2023\/09\/CERTIFICACION_INVIMA-150x150.jpg 150w, https:\/\/dydcoffee.com.co\/wp-content\/uploads\/2023\/09\/CERTIFICACION_INVIMA-768x768.jpg 768w, https:\/\/dydcoffee.com.co\/wp-content\/uploads\/2023\/09\/CERTIFICACION_INVIMA-1536x1536.jpg 1536w, https:\/\/dydcoffee.com.co\/wp-content\/uploads\/2023\/09\/CERTIFICACION_INVIMA-2048x2048.jpg 2048w, https:\/\/dydcoffee.com.co\/wp-content\/uploads\/2023\/09\/CERTIFICACION_INVIMA-570x570.jpg 570w, https:\/\/dydcoffee.com.co\/wp-content\/uploads\/2023\/09\/CERTIFICACION_INVIMA-500x500.jpg 500w, https:\/\/dydcoffee.com.co\/wp-content\/uploads\/2023\/09\/CERTIFICACION_INVIMA-1000x1000.jpg 1000w, https:\/\/dydcoffee.com.co\/wp-content\/uploads\/2023\/09\/CERTIFICACION_INVIMA-700x700.jpg 700w, https:\/\/dydcoffee.com.co\/wp-content\/uploads\/2023\/09\/CERTIFICACION_INVIMA-650x650.jpg 650w, https:\/\/dydcoffee.com.co\/wp-content\/uploads\/2023\/09\/CERTIFICACION_INVIMA-1300x1300.jpg 1300w, https:\/\/dydcoffee.com.co\/wp-content\/uploads\/2023\/09\/CERTIFICACION_INVIMA-600x600.jpg 600w, https:\/\/dydcoffee.com.co\/wp-content\/uploads\/2023\/09\/CERTIFICACION_INVIMA-100x100.jpg 100w\" sizes=\"(max-width: 1024px) 100vw, 1024px\" \/>\t\t\t\t\t\t\t\t<\/a>\n\t\t\t\t\t\t\t\t\t\t\t\t\t\t\t<\/div>\n\t\t\t\t<\/div>\n\t\t\t\t<div class=\"elementor-element elementor-element-7ca5d2f elementor-invisible elementor-widget elementor-widget-image\" data-id=\"7ca5d2f\" data-element_type=\"widget\" data-settings=\"{&quot;_animation&quot;:&quot;fadeInDown&quot;}\" data-widget_type=\"image.default\">\n\t\t\t\t<div class=\"elementor-widget-container\">\n\t\t\t\t\t\t\t\t\t\t\t\t\t\t\t\t<a href=\"http:\/\/dyd.suboceto.com\/wp-content\/uploads\/2023\/09\/CERTIFICACION_DOP-IGP--scaled.jpg\" data-elementor-open-lightbox=\"yes\" data-elementor-lightbox-title=\"CERTIFICACION_DOP + IGP-\" data-e-action-hash=\"#elementor-action%3Aaction%3Dlightbox%26settings%3DeyJpZCI6MTM5NCwidXJsIjoiaHR0cHM6XC9cL2R5ZGNvZmZlZS5jb20uY29cL3dwLWNvbnRlbnRcL3VwbG9hZHNcLzIwMjNcLzA5XC9DRVJUSUZJQ0FDSU9OX0RPUC1JR1AtLXNjYWxlZC5qcGcifQ%3D%3D\">\n\t\t\t\t\t\t\t<img decoding=\"async\" width=\"1024\" height=\"1024\" src=\"https:\/\/dydcoffee.com.co\/wp-content\/uploads\/2023\/09\/CERTIFICACION_DOP-IGP--1024x1024.jpg\" class=\"attachment-large size-large wp-image-1394\" alt=\"\" srcset=\"https:\/\/dydcoffee.com.co\/wp-content\/uploads\/2023\/09\/CERTIFICACION_DOP-IGP--1024x1024.jpg 1024w, https:\/\/dydcoffee.com.co\/wp-content\/uploads\/2023\/09\/CERTIFICACION_DOP-IGP--300x300.jpg 300w, https:\/\/dydcoffee.com.co\/wp-content\/uploads\/2023\/09\/CERTIFICACION_DOP-IGP--150x150.jpg 150w, https:\/\/dydcoffee.com.co\/wp-content\/uploads\/2023\/09\/CERTIFICACION_DOP-IGP--768x768.jpg 768w, https:\/\/dydcoffee.com.co\/wp-content\/uploads\/2023\/09\/CERTIFICACION_DOP-IGP--1536x1536.jpg 1536w, https:\/\/dydcoffee.com.co\/wp-content\/uploads\/2023\/09\/CERTIFICACION_DOP-IGP--2048x2048.jpg 2048w, https:\/\/dydcoffee.com.co\/wp-content\/uploads\/2023\/09\/CERTIFICACION_DOP-IGP--570x570.jpg 570w, https:\/\/dydcoffee.com.co\/wp-content\/uploads\/2023\/09\/CERTIFICACION_DOP-IGP--500x500.jpg 500w, https:\/\/dydcoffee.com.co\/wp-content\/uploads\/2023\/09\/CERTIFICACION_DOP-IGP--1000x1000.jpg 1000w, https:\/\/dydcoffee.com.co\/wp-content\/uploads\/2023\/09\/CERTIFICACION_DOP-IGP--700x700.jpg 700w, https:\/\/dydcoffee.com.co\/wp-content\/uploads\/2023\/09\/CERTIFICACION_DOP-IGP--650x650.jpg 650w, https:\/\/dydcoffee.com.co\/wp-content\/uploads\/2023\/09\/CERTIFICACION_DOP-IGP--1300x1300.jpg 1300w, https:\/\/dydcoffee.com.co\/wp-content\/uploads\/2023\/09\/CERTIFICACION_DOP-IGP--600x600.jpg 600w, https:\/\/dydcoffee.com.co\/wp-content\/uploads\/2023\/09\/CERTIFICACION_DOP-IGP--100x100.jpg 100w\" sizes=\"(max-width: 1024px) 100vw, 1024px\" \/>\t\t\t\t\t\t\t\t<\/a>\n\t\t\t\t\t\t\t\t\t\t\t\t\t\t\t<\/div>\n\t\t\t\t<\/div>\n\t\t\t\t\t<\/div>\n\t\t<\/div>\n\t\t\t\t<div class=\"elementor-column elementor-col-33 elementor-top-column elementor-element elementor-element-a432660\" data-id=\"a432660\" data-element_type=\"column\">\n\t\t\t<div class=\"elementor-widget-wrap elementor-element-populated\">\n\t\t\t\t\t\t<div class=\"elementor-element elementor-element-7f6351e elementor-invisible elementor-widget elementor-widget-image\" data-id=\"7f6351e\" data-element_type=\"widget\" data-settings=\"{&quot;_animation&quot;:&quot;fadeInDown&quot;}\" data-widget_type=\"image.default\">\n\t\t\t\t<div class=\"elementor-widget-container\">\n\t\t\t\t\t\t\t\t\t\t\t\t\t\t\t\t<a href=\"http:\/\/dyd.suboceto.com\/wp-content\/uploads\/2023\/09\/CERTIFICACION_DOP-scaled.jpg\" data-elementor-open-lightbox=\"yes\" data-elementor-lightbox-title=\"CERTIFICACION_DOP\" data-e-action-hash=\"#elementor-action%3Aaction%3Dlightbox%26settings%3DeyJpZCI6MTM5MiwidXJsIjoiaHR0cHM6XC9cL2R5ZGNvZmZlZS5jb20uY29cL3dwLWNvbnRlbnRcL3VwbG9hZHNcLzIwMjNcLzA5XC9DRVJUSUZJQ0FDSU9OX0RPUC1zY2FsZWQuanBnIn0%3D\">\n\t\t\t\t\t\t\t<img decoding=\"async\" width=\"1024\" height=\"1024\" src=\"https:\/\/dydcoffee.com.co\/wp-content\/uploads\/2023\/09\/CERTIFICACION_DOP-1024x1024.jpg\" class=\"attachment-large size-large wp-image-1392\" alt=\"\" srcset=\"https:\/\/dydcoffee.com.co\/wp-content\/uploads\/2023\/09\/CERTIFICACION_DOP-1024x1024.jpg 1024w, https:\/\/dydcoffee.com.co\/wp-content\/uploads\/2023\/09\/CERTIFICACION_DOP-300x300.jpg 300w, https:\/\/dydcoffee.com.co\/wp-content\/uploads\/2023\/09\/CERTIFICACION_DOP-150x150.jpg 150w, https:\/\/dydcoffee.com.co\/wp-content\/uploads\/2023\/09\/CERTIFICACION_DOP-768x768.jpg 768w, https:\/\/dydcoffee.com.co\/wp-content\/uploads\/2023\/09\/CERTIFICACION_DOP-1536x1536.jpg 1536w, https:\/\/dydcoffee.com.co\/wp-content\/uploads\/2023\/09\/CERTIFICACION_DOP-2048x2048.jpg 2048w, https:\/\/dydcoffee.com.co\/wp-content\/uploads\/2023\/09\/CERTIFICACION_DOP-570x570.jpg 570w, https:\/\/dydcoffee.com.co\/wp-content\/uploads\/2023\/09\/CERTIFICACION_DOP-500x500.jpg 500w, https:\/\/dydcoffee.com.co\/wp-content\/uploads\/2023\/09\/CERTIFICACION_DOP-1000x1000.jpg 1000w, https:\/\/dydcoffee.com.co\/wp-content\/uploads\/2023\/09\/CERTIFICACION_DOP-700x700.jpg 700w, https:\/\/dydcoffee.com.co\/wp-content\/uploads\/2023\/09\/CERTIFICACION_DOP-650x650.jpg 650w, https:\/\/dydcoffee.com.co\/wp-content\/uploads\/2023\/09\/CERTIFICACION_DOP-1300x1300.jpg 1300w, https:\/\/dydcoffee.com.co\/wp-content\/uploads\/2023\/09\/CERTIFICACION_DOP-600x600.jpg 600w, https:\/\/dydcoffee.com.co\/wp-content\/uploads\/2023\/09\/CERTIFICACION_DOP-100x100.jpg 100w\" sizes=\"(max-width: 1024px) 100vw, 1024px\" \/>\t\t\t\t\t\t\t\t<\/a>\n\t\t\t\t\t\t\t\t\t\t\t\t\t\t\t<\/div>\n\t\t\t\t<\/div>\n\t\t\t\t<div class=\"elementor-element elementor-element-a854ca4 elementor-invisible elementor-widget elementor-widget-image\" data-id=\"a854ca4\" data-element_type=\"widget\" data-settings=\"{&quot;_animation&quot;:&quot;fadeInDown&quot;}\" data-widget_type=\"image.default\">\n\t\t\t\t<div class=\"elementor-widget-container\">\n\t\t\t\t\t\t\t\t\t\t\t\t\t\t\t\t<a href=\"http:\/\/dyd.suboceto.com\/wp-content\/uploads\/2023\/09\/CERTIFICACION_REGIONAL-scaled.jpg\" data-elementor-open-lightbox=\"yes\" data-elementor-lightbox-title=\"CERTIFICACION_REGIONAL\" data-e-action-hash=\"#elementor-action%3Aaction%3Dlightbox%26settings%3DeyJpZCI6MTM5NiwidXJsIjoiaHR0cHM6XC9cL2R5ZGNvZmZlZS5jb20uY29cL3dwLWNvbnRlbnRcL3VwbG9hZHNcLzIwMjNcLzA5XC9DRVJUSUZJQ0FDSU9OX1JFR0lPTkFMLXNjYWxlZC5qcGcifQ%3D%3D\">\n\t\t\t\t\t\t\t<img loading=\"lazy\" decoding=\"async\" width=\"1024\" height=\"1024\" src=\"https:\/\/dydcoffee.com.co\/wp-content\/uploads\/2023\/09\/CERTIFICACION_REGIONAL-1024x1024.jpg\" class=\"attachment-large size-large wp-image-1396\" alt=\"\" srcset=\"https:\/\/dydcoffee.com.co\/wp-content\/uploads\/2023\/09\/CERTIFICACION_REGIONAL-1024x1024.jpg 1024w, https:\/\/dydcoffee.com.co\/wp-content\/uploads\/2023\/09\/CERTIFICACION_REGIONAL-300x300.jpg 300w, https:\/\/dydcoffee.com.co\/wp-content\/uploads\/2023\/09\/CERTIFICACION_REGIONAL-150x150.jpg 150w, https:\/\/dydcoffee.com.co\/wp-content\/uploads\/2023\/09\/CERTIFICACION_REGIONAL-768x768.jpg 768w, https:\/\/dydcoffee.com.co\/wp-content\/uploads\/2023\/09\/CERTIFICACION_REGIONAL-1536x1536.jpg 1536w, https:\/\/dydcoffee.com.co\/wp-content\/uploads\/2023\/09\/CERTIFICACION_REGIONAL-2048x2048.jpg 2048w, https:\/\/dydcoffee.com.co\/wp-content\/uploads\/2023\/09\/CERTIFICACION_REGIONAL-570x570.jpg 570w, https:\/\/dydcoffee.com.co\/wp-content\/uploads\/2023\/09\/CERTIFICACION_REGIONAL-500x500.jpg 500w, https:\/\/dydcoffee.com.co\/wp-content\/uploads\/2023\/09\/CERTIFICACION_REGIONAL-1000x1000.jpg 1000w, https:\/\/dydcoffee.com.co\/wp-content\/uploads\/2023\/09\/CERTIFICACION_REGIONAL-700x700.jpg 700w, https:\/\/dydcoffee.com.co\/wp-content\/uploads\/2023\/09\/CERTIFICACION_REGIONAL-650x650.jpg 650w, https:\/\/dydcoffee.com.co\/wp-content\/uploads\/2023\/09\/CERTIFICACION_REGIONAL-1300x1300.jpg 1300w, https:\/\/dydcoffee.com.co\/wp-content\/uploads\/2023\/09\/CERTIFICACION_REGIONAL-600x600.jpg 600w, https:\/\/dydcoffee.com.co\/wp-content\/uploads\/2023\/09\/CERTIFICACION_REGIONAL-100x100.jpg 100w\" sizes=\"(max-width: 1024px) 100vw, 1024px\" \/>\t\t\t\t\t\t\t\t<\/a>\n\t\t\t\t\t\t\t\t\t\t\t\t\t\t\t<\/div>\n\t\t\t\t<\/div>\n\t\t\t\t\t<\/div>\n\t\t<\/div>\n\t\t\t\t<div class=\"elementor-column elementor-col-33 elementor-top-column elementor-element elementor-element-4e27e40\" data-id=\"4e27e40\" data-element_type=\"column\">\n\t\t\t<div class=\"elementor-widget-wrap elementor-element-populated\">\n\t\t\t\t\t\t<div class=\"elementor-element elementor-element-7d98775 elementor-invisible elementor-widget elementor-widget-image\" data-id=\"7d98775\" data-element_type=\"widget\" data-settings=\"{&quot;_animation&quot;:&quot;fadeInDown&quot;}\" data-widget_type=\"image.default\">\n\t\t\t\t<div class=\"elementor-widget-container\">\n\t\t\t\t\t\t\t\t\t\t\t\t\t\t\t\t<a href=\"http:\/\/dyd.suboceto.com\/wp-content\/uploads\/2023\/09\/CERTIFICACION_IGP-scaled.jpg\" data-elementor-open-lightbox=\"yes\" data-elementor-lightbox-title=\"CERTIFICACION_IGP\" data-e-action-hash=\"#elementor-action%3Aaction%3Dlightbox%26settings%3DeyJpZCI6MTM5MywidXJsIjoiaHR0cHM6XC9cL2R5ZGNvZmZlZS5jb20uY29cL3dwLWNvbnRlbnRcL3VwbG9hZHNcLzIwMjNcLzA5XC9DRVJUSUZJQ0FDSU9OX0lHUC1zY2FsZWQuanBnIn0%3D\">\n\t\t\t\t\t\t\t<img loading=\"lazy\" decoding=\"async\" width=\"1024\" height=\"1024\" src=\"https:\/\/dydcoffee.com.co\/wp-content\/uploads\/2023\/09\/CERTIFICACION_IGP-1024x1024.jpg\" class=\"attachment-large size-large wp-image-1393\" alt=\"\" srcset=\"https:\/\/dydcoffee.com.co\/wp-content\/uploads\/2023\/09\/CERTIFICACION_IGP-1024x1024.jpg 1024w, https:\/\/dydcoffee.com.co\/wp-content\/uploads\/2023\/09\/CERTIFICACION_IGP-300x300.jpg 300w, https:\/\/dydcoffee.com.co\/wp-content\/uploads\/2023\/09\/CERTIFICACION_IGP-150x150.jpg 150w, https:\/\/dydcoffee.com.co\/wp-content\/uploads\/2023\/09\/CERTIFICACION_IGP-768x768.jpg 768w, https:\/\/dydcoffee.com.co\/wp-content\/uploads\/2023\/09\/CERTIFICACION_IGP-1536x1536.jpg 1536w, https:\/\/dydcoffee.com.co\/wp-content\/uploads\/2023\/09\/CERTIFICACION_IGP-2048x2048.jpg 2048w, https:\/\/dydcoffee.com.co\/wp-content\/uploads\/2023\/09\/CERTIFICACION_IGP-570x570.jpg 570w, https:\/\/dydcoffee.com.co\/wp-content\/uploads\/2023\/09\/CERTIFICACION_IGP-500x500.jpg 500w, https:\/\/dydcoffee.com.co\/wp-content\/uploads\/2023\/09\/CERTIFICACION_IGP-1000x1000.jpg 1000w, https:\/\/dydcoffee.com.co\/wp-content\/uploads\/2023\/09\/CERTIFICACION_IGP-700x700.jpg 700w, https:\/\/dydcoffee.com.co\/wp-content\/uploads\/2023\/09\/CERTIFICACION_IGP-650x650.jpg 650w, https:\/\/dydcoffee.com.co\/wp-content\/uploads\/2023\/09\/CERTIFICACION_IGP-1300x1300.jpg 1300w, https:\/\/dydcoffee.com.co\/wp-content\/uploads\/2023\/09\/CERTIFICACION_IGP-600x600.jpg 600w, https:\/\/dydcoffee.com.co\/wp-content\/uploads\/2023\/09\/CERTIFICACION_IGP-100x100.jpg 100w\" sizes=\"(max-width: 1024px) 100vw, 1024px\" \/>\t\t\t\t\t\t\t\t<\/a>\n\t\t\t\t\t\t\t\t\t\t\t\t\t\t\t<\/div>\n\t\t\t\t<\/div>\n\t\t\t\t<div class=\"elementor-element elementor-element-ec970fe elementor-invisible elementor-widget elementor-widget-image\" data-id=\"ec970fe\" data-element_type=\"widget\" data-settings=\"{&quot;_animation&quot;:&quot;fadeInDown&quot;}\" data-widget_type=\"image.default\">\n\t\t\t\t<div class=\"elementor-widget-container\">\n\t\t\t\t\t\t\t\t\t\t\t\t\t\t\t\t<a href=\"http:\/\/dyd.suboceto.com\/wp-content\/uploads\/2023\/09\/CERTIFICACION_CAFE-DE-COLOMBIA-scaled.jpg\" data-elementor-open-lightbox=\"yes\" data-elementor-lightbox-title=\"CERTIFICACION_CAFE DE COLOMBIA\" data-e-action-hash=\"#elementor-action%3Aaction%3Dlightbox%26settings%3DeyJpZCI6MTM5NywidXJsIjoiaHR0cHM6XC9cL2R5ZGNvZmZlZS5jb20uY29cL3dwLWNvbnRlbnRcL3VwbG9hZHNcLzIwMjNcLzA5XC9DRVJUSUZJQ0FDSU9OX0NBRkUtREUtQ09MT01CSUEtc2NhbGVkLmpwZyJ9\">\n\t\t\t\t\t\t\t<img loading=\"lazy\" decoding=\"async\" width=\"1024\" height=\"1024\" src=\"https:\/\/dydcoffee.com.co\/wp-content\/uploads\/2023\/09\/CERTIFICACION_CAFE-DE-COLOMBIA-1024x1024.jpg\" class=\"attachment-large size-large wp-image-1397\" alt=\"\" srcset=\"https:\/\/dydcoffee.com.co\/wp-content\/uploads\/2023\/09\/CERTIFICACION_CAFE-DE-COLOMBIA-1024x1024.jpg 1024w, https:\/\/dydcoffee.com.co\/wp-content\/uploads\/2023\/09\/CERTIFICACION_CAFE-DE-COLOMBIA-300x300.jpg 300w, https:\/\/dydcoffee.com.co\/wp-content\/uploads\/2023\/09\/CERTIFICACION_CAFE-DE-COLOMBIA-150x150.jpg 150w, https:\/\/dydcoffee.com.co\/wp-content\/uploads\/2023\/09\/CERTIFICACION_CAFE-DE-COLOMBIA-768x768.jpg 768w, https:\/\/dydcoffee.com.co\/wp-content\/uploads\/2023\/09\/CERTIFICACION_CAFE-DE-COLOMBIA-1536x1536.jpg 1536w, https:\/\/dydcoffee.com.co\/wp-content\/uploads\/2023\/09\/CERTIFICACION_CAFE-DE-COLOMBIA-2048x2048.jpg 2048w, https:\/\/dydcoffee.com.co\/wp-content\/uploads\/2023\/09\/CERTIFICACION_CAFE-DE-COLOMBIA-570x570.jpg 570w, https:\/\/dydcoffee.com.co\/wp-content\/uploads\/2023\/09\/CERTIFICACION_CAFE-DE-COLOMBIA-500x500.jpg 500w, https:\/\/dydcoffee.com.co\/wp-content\/uploads\/2023\/09\/CERTIFICACION_CAFE-DE-COLOMBIA-1000x1000.jpg 1000w, https:\/\/dydcoffee.com.co\/wp-content\/uploads\/2023\/09\/CERTIFICACION_CAFE-DE-COLOMBIA-700x700.jpg 700w, https:\/\/dydcoffee.com.co\/wp-content\/uploads\/2023\/09\/CERTIFICACION_CAFE-DE-COLOMBIA-650x650.jpg 650w, https:\/\/dydcoffee.com.co\/wp-content\/uploads\/2023\/09\/CERTIFICACION_CAFE-DE-COLOMBIA-1300x1300.jpg 1300w, https:\/\/dydcoffee.com.co\/wp-content\/uploads\/2023\/09\/CERTIFICACION_CAFE-DE-COLOMBIA-600x600.jpg 600w, https:\/\/dydcoffee.com.co\/wp-content\/uploads\/2023\/09\/CERTIFICACION_CAFE-DE-COLOMBIA-100x100.jpg 100w\" sizes=\"(max-width: 1024px) 100vw, 1024px\" \/>\t\t\t\t\t\t\t\t<\/a>\n\t\t\t\t\t\t\t\t\t\t\t\t\t\t\t<\/div>\n\t\t\t\t<\/div>\n\t\t\t\t\t<\/div>\n\t\t<\/div>\n\t\t\t\t\t<\/div>\n\t\t<\/section>\n\t\t\t\t<section class=\"elementor-section elementor-top-section elementor-element elementor-element-63ee785 elementor-section-boxed elementor-section-height-default elementor-section-height-default parallax_section_no qode_elementor_container_no\" data-id=\"63ee785\" data-element_type=\"section\">\n\t\t\t\t\t\t<div class=\"elementor-container elementor-column-gap-default\">\n\t\t\t\t\t<div class=\"elementor-column elementor-col-100 elementor-top-column elementor-element elementor-element-50c9042\" data-id=\"50c9042\" data-element_type=\"column\">\n\t\t\t<div class=\"elementor-widget-wrap elementor-element-populated\">\n\t\t\t\t\t\t<div class=\"elementor-element elementor-element-33312e0 elementor-hidden-tablet elementor-hidden-mobile elementor-widget elementor-widget-heading\" data-id=\"33312e0\" data-element_type=\"widget\" data-widget_type=\"heading.default\">\n\t\t\t\t<div class=\"elementor-widget-container\">\n\t\t\t\t\t<h3 class=\"elementor-heading-title elementor-size-default\">Algunas de nuestras marcas<\/h3>\t\t\t\t<\/div>\n\t\t\t\t<\/div>\n\t\t\t\t<div class=\"elementor-element elementor-element-f5627b2 elementor-widget elementor-widget-image-carousel\" data-id=\"f5627b2\" data-element_type=\"widget\" data-settings=\"{&quot;slides_to_show&quot;:&quot;3&quot;,&quot;slides_to_scroll&quot;:&quot;3&quot;,&quot;navigation&quot;:&quot;none&quot;,&quot;autoplay&quot;:&quot;yes&quot;,&quot;pause_on_hover&quot;:&quot;yes&quot;,&quot;pause_on_interaction&quot;:&quot;yes&quot;,&quot;autoplay_speed&quot;:5000,&quot;infinite&quot;:&quot;yes&quot;,&quot;speed&quot;:500}\" data-widget_type=\"image-carousel.default\">\n\t\t\t\t<div class=\"elementor-widget-container\">\n\t\t\t\t\t\t\t<div class=\"elementor-image-carousel-wrapper swiper\" role=\"region\" aria-roledescription=\"carousel\" aria-label=\"Carrusel de im\u00e1genes\" dir=\"ltr\">\n\t\t\t<div class=\"elementor-image-carousel swiper-wrapper\" aria-live=\"off\">\n\t\t\t\t\t\t\t\t<div class=\"swiper-slide\" role=\"group\" aria-roledescription=\"slide\" aria-label=\"1 of 4\"><figure class=\"swiper-slide-inner\"><img decoding=\"async\" class=\"swiper-slide-image\" src=\"https:\/\/dydcoffee.com.co\/wp-content\/uploads\/2023\/09\/logo6.jpg\" alt=\"logo6\" \/><\/figure><\/div><div class=\"swiper-slide\" role=\"group\" aria-roledescription=\"slide\" aria-label=\"2 of 4\"><figure class=\"swiper-slide-inner\"><img decoding=\"async\" class=\"swiper-slide-image\" src=\"https:\/\/dydcoffee.com.co\/wp-content\/uploads\/2023\/09\/logo3.jpg\" alt=\"logo3\" \/><\/figure><\/div><div class=\"swiper-slide\" role=\"group\" aria-roledescription=\"slide\" aria-label=\"3 of 4\"><figure class=\"swiper-slide-inner\"><img decoding=\"async\" class=\"swiper-slide-image\" src=\"https:\/\/dydcoffee.com.co\/wp-content\/uploads\/2023\/09\/logo2.jpg\" alt=\"logo2\" \/><\/figure><\/div><div class=\"swiper-slide\" role=\"group\" aria-roledescription=\"slide\" aria-label=\"4 of 4\"><figure class=\"swiper-slide-inner\"><img decoding=\"async\" class=\"swiper-slide-image\" src=\"https:\/\/dydcoffee.com.co\/wp-content\/uploads\/2023\/09\/logo1.jpg\" alt=\"logo1\" \/><\/figure><\/div>\t\t\t<\/div>\n\t\t\t\t\t\t\t\n\t\t\t\t\t\t\t\t\t<\/div>\n\t\t\t\t\t\t<\/div>\n\t\t\t\t<\/div>\n\t\t\t\t\t<\/div>\n\t\t<\/div>\n\t\t\t\t\t<\/div>\n\t\t<\/section>\n\t\t\t\t<\/div>\n\t\t","protected":false},"excerpt":{"rendered":"<p>Tr\u00e1mites Nuestros clientes pueden gestionar los siguientes tr\u00e1mites a trav\u00e9s de nosotros: Algunas de nuestras marcas<\/p>\n","protected":false},"author":1,"featured_media":0,"parent":0,"menu_order":0,"comment_status":"closed","ping_status":"closed","template":"full_width.php","meta":{"footnotes":""},"class_list":["post-1384","page","type-page","status-publish","hentry"],"_links":{"self":[{"href":"https:\/\/dydcoffee.com.co\/index.php\/wp-json\/wp\/v2\/pages\/1384","targetHints":{"allow":["GET"]}}],"collection":[{"href":"https:\/\/dydcoffee.com.co\/index.php\/wp-json\/wp\/v2\/pages"}],"about":[{"href":"https:\/\/dydcoffee.com.co\/index.php\/wp-json\/wp\/v2\/types\/page"}],"author":[{"embeddable":true,"href":"https:\/\/dydcoffee.com.co\/index.php\/wp-json\/wp\/v2\/users\/1"}],"replies":[{"embeddable":true,"href":"https:\/\/dydcoffee.com.co\/index.php\/wp-json\/wp\/v2\/comments?post=1384"}],"version-history":[{"count":36,"href":"https:\/\/dydcoffee.com.co\/index.php\/wp-json\/wp\/v2\/pages\/1384\/revisions"}],"predecessor-version":[{"id":1688,"href":"https:\/\/dydcoffee.com.co\/index.php\/wp-json\/wp\/v2\/pages\/1384\/revisions\/1688"}],"wp:attachment":[{"href":"https:\/\/dydcoffee.com.co\/index.php\/wp-json\/wp\/v2\/media?parent=1384"}],"curies":[{"name":"wp","href":"https:\/\/api.w.org\/{rel}","templated":true}]}}